155?
False
Is 307746 a multiple of 82?
True
Is 67498875 a multiple of 375?
True
Is 919941120 a multiple of 414?
True
Does 5 divide 12016900?
True
Is 7 a factor of 554778749?
True
Is 1717 a factor of 639429687?
True
Does 111 divide 67617981?
True
Does 38 divide 545384163?
False
Is 3796 a factor of 125739115?
False
Is 32 a factor of 2889878?
False
Does 1011 divide 1135687214?
False
Is 18 a factor of 516670344?
True
Is 49 a factor of 180574898?
True
Does 190 divide 12041160?
False
Does 59 divide 100614471?
False
Is 133 a factor of 429011?
False
Is 50 a factor of 92846600?
True
Does 15 divide 745519215?
True
Does 22 divide 552378882?
True
Is 835345064 a multiple of 182?
False
Is 2081660190 a multiple of 61?
False
Is 14795546 a multiple of 40?
False
Does 607 divide 46573896?
True
Does 48 divide 382712928?
True
Is 369 a factor of 8395231176?
True
Is 2406719 a multiple of 14?
False
Is 27513630 a multiple of 203?
False
Is 2129 a factor of 66752666?
True
Is 1054 a factor of 115574262?
True
Is 32586328 a multiple of 16?
False
Is 1696170140 a multiple of 15?
False
Does 838 divide 16609160?
True
Is 2721 a factor of 186110958?
True
Is 4 a factor of 123438406?
False
Is 1343863735 a multiple of 11?
False
Does 3121 divide 46257366?
False
Is 58339008 a multiple of 1456?
True
Does 55 divide 16904800?
True
Does 1072 divide 106385280?
True
Is 5398821568 a multiple of 658?
True
Is 66821707 a multiple of 1786?
False
Is 22 a factor of 613404440?
True
Is 2546305060 a multiple of 8176?
False
Is 1188 a factor of 1474073900?
False
Is 5 a factor of 414409488?
False
Is 16 a factor of 2549728?
True
Is 34 a factor of 363533429?
False
Is 13387655 a multiple of 4176?
False
Does 245 divide 8545928?
False
Is 150 a factor of 89481592?
False
Is 356 a factor of 1631533760?
True
Is 11089078 a multiple of 382?
True
Is 1401 a factor of 60066327?
False
Is 38 a factor of 19400670?
False
Does 1699 divide 1075925597?
False
Does 163 divide 1770559627?
True
Is 1702252268 a multiple of 143?
False
Is 162705132 a multiple of 2109?
True
Does 16 divide 16189717?
False
Is 8310 a factor of 2293757294?
False
Is 719888930 a multiple of 290?
False
Is 29260455 a multiple of 259?
False
Does 6 divide 704219923?
False
Is 332 a factor of 3225198296?
False
Does 50 divide 80784950?
True
Is 458 a factor of 87393270?
True
Is 1229081850 a multiple of 486?
True
Is 70 a factor of 20342131?
False
Does 25 divide 10016850?
True
Does 28 divide 33619880?
True
Is 144386690 a multiple of 35?
True
Is 43810831 a multiple of 730?
False
Is 2112881040 a multiple of 8109?
True
Does 312 divide 304378464?
True
Is 329 a factor of 27860049?
True
Is 3274679410 a multiple of 2165?
True
Is 171976172 a multiple of 197?
False
Is 40 a factor of 44597680?
True
Is 4492 a factor of 424087639?
False
Is 21 a factor of 586085619?
True
Does 54 divide 5794224?
False
Is 6 a factor of 21729372?
True
Does 7539 divide 261293376?
False
Is 210672228 a multiple of 17?
True
Is 3035756997 a multiple of 4641?
True
Does 290 divide 2388831003?
False
Does 8 divide 645916575?
False
Is 175 a factor of 14353850?
True
Does 1357 divide 34049844?
True
Is 1380416208 a multiple of 48?
True
Is 188 a factor of 40559549?
False
Is 13051328 a multiple of 4?
True
Is 53193326 a multiple of 37?
False
Does 111 divide 845332620?
False
Is 40954294 a multiple of 60?
False
Does 62 divide 65344261?
False
Is 3367220041 a multiple of 2907?
False
Is 108 a factor of 214573860?
True
Is 1539 a factor of 234335835?
True
Is 62 a factor of 1509619875?
False
Is 1178 a factor of 216584724?
True
Is 47956652 a multiple of 73?
False
Does 10 divide 24784677?
False
Does 102 divide 18626730?
True
Is 42742150 a multiple of 53?
False
Is 11029274 a multiple of 1860?
False
Is 31615005 a multiple of 6?
False
Does 113 divide 30979801?
False
Is 666964155 a multiple of 195?
True
Does 5 divide 10797107?
False
Is 1262 a factor of 947252152?
True
Is 635 a factor of 104828469?
False
Is 2735 a factor of 1728758301?
False
Does 1919 divide 3590784825?
True
Is 168 a factor of 698428826?
False
Does 37 divide 81655053?
False
Is 3411 a factor of 5848064082?
False
Does 570 divide 5623232?
False
Does 140 divide 253349460?
True
Does 19 divide 13051138?
True
Is 387557136 a multiple of 57?
True
Is 298 a factor of 61486936?
True
Is 2646 a factor of 565185600?
True
Is 3756 a factor of 215177484?
True
Does 78 divide 1531380?
False
Is 81803150 a multiple of 650?
True
Is 23530051 a multiple of 15?
False
Is 95 a factor of 72748837?
False
Does 107 divide 262667887?
False
Is 117 a factor of 344303520?
False
Is 1169147301 a multiple of 789?
True
Is 24 a factor of 355875850?
False
Is 884 a factor of 86609016?
True
Is 1527637750 a multiple of 14?
False
Is 7 a factor of 169964688?
False
Is 1020600 a multiple of 50?
True
Is 197 a factor of 98706850?
True
Does 106 divide 217056683?
False
Is 2282447 even?
False
Is 476728321 a multiple of 4?
False
Is 304 a factor of 44960384?
True
Is 21 a factor of 52631356?
False
Is 223971819 a multiple of 30?
False
Is 20 a factor of 2984039607?
False
Is 6681700 a multiple of 868?
False
Is 1486541280 a multiple of 21?
True
Does 218 divide 340459320?
True
Is 809 a factor of 94030879?
True
Is 13 a factor of 4797771574?
False
Does 37 divide 685560383?
True
Is 15 a factor of 87398380?
False
Is 8313257 a multiple of 222?
False
Is 875763584 a multiple of 3?
False
Is 5 a factor of 34971761?
False
Does 58 divide 35108979?
False
Is 93 a factor of 403411122?
True
Is 2311 a factor of 36176234?
False
Does 398 divide 241267375?
False
Is 273208072 a multiple of 6?
False
Is 559 a factor of 65043004?
True
Is 15988 a factor of 4666129776?
True
Is 672818265 a multiple of 4185?
True
Does 211 divide 10370311?
False
Is 31 a factor of 2316805?
False
Does 46 divide 47174840?
True
Does 137 divide 56649753?
False
Is 366184 a multiple of 13?
True
Does 55 divide 659632875?
True
Is 2513395370 a multiple of 383?
True
Is 1114284759 a multiple of 20?
False
Is 47821095 a multiple of 13?
False
Does 1205 divide 121320605?
True
Does 50 divide 60949066?
False
Does 344 divide 19969949?
False
Does 96 divide 4756128?
True
Is 20 a factor of 110193840?
True
Is 228029003 a multiple of 41?
True
Is 85000593 a multiple of 1413?
False
Does 234 divide 29540696?
False
Does 694 divide 3767283241?
False
Is 544 a factor of 1645124022?
False
Is 802 a factor of 174218894?
False
Does 92 divide 3727232616?
True
Is 95 a factor of 106514190?
True
Does 28 divide 68971000?
True
Is 1139542206 a multiple of 74?
True
Does 270 divide 923055234?
False
Is 11400129 a multiple of 39?
True
Is 2 a factor of 187600?
True
Does 123 divide 332288?
False
Is 760 a factor of 6486600?
True
Does 100 divide 2010244878?
False
Is 1415 a factor of 47375707?
False
Is 493336040 a multiple of 2930?
False
Is 597929 a multiple of 3?
False
Does 408 divide 24170736?
True
Is 655 a factor of 109412810?
False
Is 45 a factor of 3291075?
True
Is 2764 a factor of 1034454640?
True
Does 65 divide 122109910?
True
Does 123 divide 233055755?
False
Is 38793521 a multiple of 529?
False
Is 34 a factor of 38397049?
False
Is 181894245 a multiple of 2135?
False
Is 3749329393 a multiple of 1212?
False
Is 28 a factor of 45368008?
True
Is 173 a factor of 18687963?
False
Is 385 a factor of 62216976?
False
Is 9 a factor of 10949040?
True
Is 43438552 a multiple of 362?
True
Does 4 divide 418279397?
False
Does 60 divide 1125676140?
True
Is 576291806 a multiple of 412?
False
Is 4219 a factor of 1004316074?
True
Is 872404585 a multiple of 65?
True
Does 4 divide 63190025?
False
Does 175 divide 238859018?
False
Does 21 divide 3068278836?
True
Is 48553950 a multiple of 15?
True
Is 6 a factor of 140679534?
True
Does 3570 divide 466718048?
False
Does 37 divide 106170464?
True
Is 10 a factor of 1759914580?
True
Is 12 a factor of 10036576?
False
Is 50 a factor of 97685450?
True
Does 91 divide 400848718?
False
Is 118157038 a multiple of 288?
False
Is 2063346040 a multiple of 40?
True
Is 33 a factor of 35937297?
True
Is 98169684 a multiple of 652?
True
Does 639 divide 894414690?
True
Is 16688052 a multiple of 253?
False
Is 61342823 a multiple of 58?
False
Does 14 divide 238196784?
True
Does 29 divide 635627858?
True
Does 7 divide 40131364?
True
Is 1219 a factor of 44898208?
True
Is 23416148 a multiple of 14?
True
